{"id":33,"date":"2025-11-05T10:45:23","date_gmt":"2025-11-05T09:45:23","guid":{"rendered":"https:\/\/karimusto.oblivion-software.de\/?page_id=4"},"modified":"2025-11-07T10:09:17","modified_gmt":"2025-11-07T09:09:17","slug":"kontakt","status":"publish","type":"page","link":"https:\/\/www.karimusto.de\/index.php\/kontakt\/","title":{"rendered":"Kontakt"},"content":{"rendered":"\n<h3 class=\"wp-block-heading kontakt-einleitung\">Bereit f\u00fcr den n\u00e4chsten Schritt? Schreib mir \u2013 ich melde mich pers\u00f6nlich bei dir.<\/h3>\n\n\n<style>.kadence-column33_d5feb3-a0 > .kt-inside-inner-col,.kadence-column33_d5feb3-a0 > .kt-inside-inner-col:before{border-top-left-radius:0px;border-top-right-radius:0px;border-bottom-right-radius:0px;border-bottom-left-radius:0px;}.kadence-column33_d5feb3-a0 > .kt-inside-inner-col{column-gap:var(--global-kb-gap-sm, 1rem);}.kadence-column33_d5feb3-a0 > .kt-inside-inner-col{flex-direction:column;}.kadence-column33_d5feb3-a0 > .kt-inside-inner-col > .aligncenter{width:100%;}.kadence-column33_d5feb3-a0 > .kt-inside-inner-col:before{opacity:0.3;background-image:url('https:\/\/karimusto.oblivion-software.de\/wp-content\/uploads\/2025\/11\/karimusto-heartbeat-icon-echtes-Logo2.png');background-size:cover;background-position:center center;background-attachment:scroll;background-repeat:no-repeat;}.kadence-column33_d5feb3-a0{position:relative;}@media all and (max-width: 1024px){.kadence-column33_d5feb3-a0 > .kt-inside-inner-col{flex-direction:column;justify-content:center;}}@media all and (max-width: 767px){.kadence-column33_d5feb3-a0 > .kt-inside-inner-col{flex-direction:column;justify-content:center;}}<\/style>\n<div class=\"wp-block-kadence-column kadence-column33_d5feb3-a0 kb-section-has-overlay\"><div class=\"kt-inside-inner-col\"><style>.wp-block-kadence-advanced-form123-cpt-id .kb-advanced-form input[type=text],.wp-block-kadence-advanced-form123-cpt-id .kb-advanced-form input[type=tel],.wp-block-kadence-advanced-form123-cpt-id .kb-advanced-form input[type=number],.wp-block-kadence-advanced-form123-cpt-id .kb-advanced-form input[type=date],.wp-block-kadence-advanced-form123-cpt-id .kb-advanced-form input[type=time],.wp-block-kadence-advanced-form123-cpt-id .kb-advanced-form input[type=email],.wp-block-kadence-advanced-form123-cpt-id .kb-advanced-form input[type=file],.wp-block-kadence-advanced-form123-cpt-id .kb-advanced-form select,.wp-block-kadence-advanced-form123-cpt-id .kb-advanced-form textarea{border-top:1px solid var(--global-palette6, #718096);border-right:1px solid var(--global-palette6, #718096);border-bottom:1px solid var(--global-palette6, #718096);border-left:1px solid var(--global-palette6, #718096);box-shadow:20px 20px 30px 0px rgba(0, 0, 0, 0.2);}.wp-block-kadence-advanced-form123-cpt-id{--kb-form-border-width:1px;--kb-form-border-color:var(--global-palette6, #718096);}.wp-block-kadence-advanced-form123-cpt-id input[type=text]:focus,.wp-block-kadence-advanced-form123-cpt-id input[type=email]:focus,.wp-block-kadence-advanced-form123-cpt-id input[type=tel]:focus,.wp-block-kadence-advanced-form123-cpt-id input[type=date]:focus,.wp-block-kadence-advanced-form123-cpt-id input[type=number]:focus,.wp-block-kadence-advanced-form123-cpt-id input[type=time]:focus,.wp-block-kadence-advanced-form123-cpt-id input[type=file]:focus,.wp-block-kadence-advanced-form123-cpt-id select:focus,.wp-block-kadence-advanced-form123-cpt-id textarea:focus{border-color:var(--global-palette7, #EDF2F7);}@media all and (max-width: 1024px){.wp-block-kadence-advanced-form123-cpt-id .kb-advanced-form input[type=text],.wp-block-kadence-advanced-form123-cpt-id .kb-advanced-form input[type=tel],.wp-block-kadence-advanced-form123-cpt-id .kb-advanced-form input[type=number],.wp-block-kadence-advanced-form123-cpt-id .kb-advanced-form input[type=date],.wp-block-kadence-advanced-form123-cpt-id .kb-advanced-form input[type=time],.wp-block-kadence-advanced-form123-cpt-id .kb-advanced-form input[type=email],.wp-block-kadence-advanced-form123-cpt-id .kb-advanced-form input[type=file],.wp-block-kadence-advanced-form123-cpt-id .kb-advanced-form select,.wp-block-kadence-advanced-form123-cpt-id .kb-advanced-form textarea{border-top:1px solid var(--global-palette6, #718096);border-right:1px solid var(--global-palette6, #718096);border-bottom:1px solid var(--global-palette6, #718096);border-left:1px solid var(--global-palette6, #718096);}}@media all and (max-width: 767px){.wp-block-kadence-advanced-form123-cpt-id .kb-advanced-form input[type=text],.wp-block-kadence-advanced-form123-cpt-id .kb-advanced-form input[type=tel],.wp-block-kadence-advanced-form123-cpt-id .kb-advanced-form input[type=number],.wp-block-kadence-advanced-form123-cpt-id .kb-advanced-form input[type=date],.wp-block-kadence-advanced-form123-cpt-id .kb-advanced-form input[type=time],.wp-block-kadence-advanced-form123-cpt-id .kb-advanced-form input[type=email],.wp-block-kadence-advanced-form123-cpt-id .kb-advanced-form input[type=file],.wp-block-kadence-advanced-form123-cpt-id .kb-advanced-form select,.wp-block-kadence-advanced-form123-cpt-id .kb-advanced-form textarea{border-top:1px solid var(--global-palette6, #718096);border-right:1px solid var(--global-palette6, #718096);border-bottom:1px solid var(--global-palette6, #718096);border-left:1px solid var(--global-palette6, #718096);}}<\/style><div class=\"wp-block-kadence-advanced-form wp-block-kadence-advanced-form123-cpt-id kb-adv-form-label-style-normal kb-adv-form-input-size-standard kb-form-basic-style wp-block-kadence-advanced-form\"><form id=\"kb-adv-form-123-cpt-id\" class=\"kb-advanced-form\" method=\"post\">\n<style>.kb-row-layout-id33_ba8b97-7e > .kt-row-column-wrap{align-content:start;}:where(.kb-row-layout-id33_ba8b97-7e > .kt-row-column-wrap) > .wp-block-kadence-column{justify-content:start;}.kb-row-layout-id33_ba8b97-7e > .kt-row-column-wrap{column-gap:var(--global-kb-gap-md, 2rem);row-gap:var(--global-kb-gap-md, 2rem);padding-top:0px;padding-right:0px;padding-bottom:0px;padding-left:0px;grid-template-columns:repeat(2, minmax(0, 1fr));}.kb-row-layout-id33_ba8b97-7e > .kt-row-layout-overlay{opacity:0.30;}@media all and (max-width: 1024px){.kb-row-layout-id33_ba8b97-7e > .kt-row-column-wrap{grid-template-columns:repeat(2, minmax(0, 1fr));}}@media all and (max-width: 767px){.kb-row-layout-id33_ba8b97-7e > .kt-row-column-wrap{grid-template-columns:minmax(0, 1fr);}}<\/style><div class=\"kb-row-layout-wrap kb-row-layout-id33_ba8b97-7e alignnone wp-block-kadence-rowlayout\"><div class=\"kt-row-column-wrap kt-has-2-columns kt-row-layout-equal kt-tab-layout-inherit kt-mobile-layout-row kt-row-valign-top\">\n<style>.kadence-column33_276de3-04 > .kt-inside-inner-col,.kadence-column33_276de3-04 > .kt-inside-inner-col:before{border-top-left-radius:0px;border-top-right-radius:0px;border-bottom-right-radius:0px;border-bottom-left-radius:0px;}.kadence-column33_276de3-04 > .kt-inside-inner-col{column-gap:var(--global-kb-gap-sm, 1rem);}.kadence-column33_276de3-04 > .kt-inside-inner-col{flex-direction:column;}.kadence-column33_276de3-04 > .kt-inside-inner-col > .aligncenter{width:100%;}.kadence-column33_276de3-04 > .kt-inside-inner-col:before{opacity:0.3;}.kadence-column33_276de3-04{position:relative;}@media all and (max-width: 1024px){.kadence-column33_276de3-04 > .kt-inside-inner-col{flex-direction:column;justify-content:center;}}@media all and (max-width: 767px){.kadence-column33_276de3-04 > .kt-inside-inner-col{flex-direction:column;justify-content:center;}}<\/style>\n<div class=\"wp-block-kadence-column kadence-column33_276de3-04\"><div class=\"kt-inside-inner-col\"><div class=\"kb-adv-form-field kb-adv-form-text-type-input kb-adv-form-infield-type-input kb-field1238443aa-cc wp-block-kadence-advanced-form-text\"><label class=\"kb-adv-form-label\" for=\"field1238443aa-cc\">Name<\/label><input name=\"field8443aa-cc\" id=\"field1238443aa-cc\" data-label=\"Name\" type=\"text\" placeholder=\"\" value=\"\" data-type=\"text\" class=\"kb-field kb-text-field\" data-required=\"no\" \/><\/div><\/div><\/div>\n\n\n<style>.kadence-column33_7009a0-67 > .kt-inside-inner-col,.kadence-column33_7009a0-67 > .kt-inside-inner-col:before{border-top-left-radius:0px;border-top-right-radius:0px;border-bottom-right-radius:0px;border-bottom-left-radius:0px;}.kadence-column33_7009a0-67 > .kt-inside-inner-col{column-gap:var(--global-kb-gap-sm, 1rem);}.kadence-column33_7009a0-67 > .kt-inside-inner-col{flex-direction:column;}.kadence-column33_7009a0-67 > .kt-inside-inner-col > .aligncenter{width:100%;}.kadence-column33_7009a0-67 > .kt-inside-inner-col:before{opacity:0.3;}.kadence-column33_7009a0-67{position:relative;}@media all and (max-width: 1024px){.kadence-column33_7009a0-67 > .kt-inside-inner-col{flex-direction:column;justify-content:center;}}@media all and (max-width: 767px){.kadence-column33_7009a0-67 > .kt-inside-inner-col{flex-direction:column;justify-content:center;}}<\/style>\n<div class=\"wp-block-kadence-column kadence-column33_7009a0-67\"><div class=\"kt-inside-inner-col\"><div class=\"kb-adv-form-field kb-adv-form-text-type-input kb-adv-form-infield-type-input kb-field123ceff93-b8 wp-block-kadence-advanced-form-email\"><label class=\"kb-adv-form-label\" for=\"field123ceff93-b8\">Email<span class=\"kb-adv-form-required\">*<\/span><\/label><input name=\"fieldceff93-b8\" id=\"field123ceff93-b8\" data-label=\"Email\" type=\"email\" placeholder=\"\" value=\"\" data-type=\"email\" class=\"kb-field kb-email-field\" data-required=\"yes\" required aria-required=\"true\"\/><\/div><\/div><\/div>\n\n<\/div><\/div>\n\n<div class=\"kb-adv-form-field kb-adv-form-text-type-input kb-adv-form-infield-type-input kb-field1231c14ed-f8 wp-block-kadence-advanced-form-textarea\"><label class=\"kb-adv-form-label\" for=\"field1231c14ed-f8\">Nachricht<span class=\"kb-adv-form-required\">*<\/span><\/label><textarea name=\"field1c14ed-f8\" id=\"field1231c14ed-f8\" rows=\"3\"  data-label=\"Nachricht\" placeholder=\"\" data-type=\"textarea\" class=\"kb-field kb-textarea-field\" data-required=\"yes\" required aria-required=\"true\"><\/textarea><\/div>\n\n<div class=\"kb-adv-form-field kb-field123d6c55a-09 wp-block-kadence-advanced-form-checkbox\"><fieldset class=\"kb-radio-check-item-wrap\" id=\"cb123d6c55a-09\" data-type=\"checkbox\" data-required=\"yes\" ><legend class=\"kb-adv-form-label\">Zustimmung erteilen<span class=\"kb-adv-form-required\">*<\/span><\/legend><div class=\"kb-radio-check-item\"><input class=\"kb-checkbox-style\" type=\"checkbox\"  id=\"field123d6c55a-09_0\" name=\"fieldd6c55a-09[]\" value=\"Ich stimme der Verarbeitung meiner Daten gem\u00e4\u00df der Datenschutzerkl\u00e4rung zu.\"><label for=\"field123d6c55a-09_0\">Ich stimme der Verarbeitung meiner Daten gem\u00e4\u00df der Datenschutzerkl\u00e4rung zu.<\/label><\/div><\/fieldset><\/div>\n\n<style>ul.menu .kb-submit-field .kb-btn707576-53.kb-button{width:initial;}.kb-submit-field.kb-field707576-53{justify-content:flex-start;}<\/style><div class=\"kb-adv-form-field kb-submit-field kb-field707576-53 wp-block-kadence-advanced-form-submit\"><button class=\"kb-button kt-button button kb-adv-form-submit-button kb-btn707576-53 kt-btn-size-standard kt-btn-width-type-auto kb-btn-global-fill kt-btn-has-text-true kt-btn-has-svg-false\" type=\"submit\"><span class=\"kt-btn-inner-text\">Anfrage absenden<\/span><\/button><\/div>\n<input type=\"hidden\" name=\"_kb_adv_form_post_id\" value=\"123\"><input type=\"hidden\" name=\"action\" value=\"kb_process_advanced_form_submit\"><input type=\"hidden\" name=\"_kb_adv_form_id\" value=\"123-cpt-id\"><\/form><\/div><\/div><\/div>\n\n\n\n<hr class=\"wp-block-separator has-alpha-channel-opacity\"\/>\n\n\n\n<p>Oder direkt per E-Mail: <a href=\"mailto:info@karimusto.de\">info@karimusto.de<\/a><\/p>\n\n\n\n<p><\/p>\n","protected":false},"excerpt":{"rendered":"<p>Bereit f\u00fcr den n\u00e4chsten Schritt? Schreib mir \u2013 ich melde mich pers\u00f6nlich bei dir. Oder direkt per E-Mail: info@karimusto.de<\/p>\n","protected":false},"author":1,"featured_media":0,"parent":0,"menu_order":0,"comment_status":"closed","ping_status":"closed","template":"","meta":{"_kadence_starter_templates_imported_post":false,"_kad_post_transparent":"","_kad_post_title":"","_kad_post_layout":"","_kad_post_sidebar_id":"","_kad_post_content_style":"","_kad_post_vertical_padding":"","_kad_post_feature":"","_kad_post_feature_position":"","_kad_post_header":false,"_kad_post_footer":false,"footnotes":""},"class_list":["post-33","page","type-page","status-publish","hentry"],"yoast_head":"<!-- This site is optimized with the Yoast SEO plugin v26.4 - https:\/\/yoast.com\/wordpress\/plugins\/seo\/ -->\n<title>Kontakt - Karimusto - get in shape<\/title>\n<meta name=\"robots\" content=\"index, follow, max-snippet:-1, max-image-preview:large, max-video-preview:-1\" \/>\n<link rel=\"canonical\" href=\"https:\/\/www.karimusto.de\/index.php\/kontakt\/\" \/>\n<meta property=\"og:locale\" content=\"de_DE\" \/>\n<meta property=\"og:type\" content=\"article\" \/>\n<meta property=\"og:title\" content=\"Kontakt - Karimusto - get in shape\" \/>\n<meta property=\"og:description\" content=\"Bereit f\u00fcr den n\u00e4chsten Schritt? Schreib mir \u2013 ich melde mich pers\u00f6nlich bei dir. Oder direkt per E-Mail: info@karimusto.de\" \/>\n<meta property=\"og:url\" content=\"https:\/\/www.karimusto.de\/index.php\/kontakt\/\" \/>\n<meta property=\"og:site_name\" content=\"Karimusto - get in shape\" \/>\n<meta property=\"article:publisher\" content=\"https:\/\/www.facebook.com\/Karimustokoeln\/\" \/>\n<meta property=\"article:modified_time\" content=\"2025-11-07T09:09:17+00:00\" \/>\n<meta name=\"twitter:card\" content=\"summary_large_image\" \/>\n<meta name=\"twitter:label1\" content=\"Gesch\u00e4tzte Lesezeit\" \/>\n\t<meta name=\"twitter:data1\" content=\"1\u00a0Minute\" \/>\n<script type=\"application\/ld+json\" class=\"yoast-schema-graph\">{\"@context\":\"https:\/\/schema.org\",\"@graph\":[{\"@type\":\"WebPage\",\"@id\":\"https:\/\/www.karimusto.de\/index.php\/kontakt\/\",\"url\":\"https:\/\/www.karimusto.de\/index.php\/kontakt\/\",\"name\":\"Kontakt - Karimusto - get in shape\",\"isPartOf\":{\"@id\":\"https:\/\/www.karimusto.de\/#website\"},\"datePublished\":\"2025-11-05T09:45:23+00:00\",\"dateModified\":\"2025-11-07T09:09:17+00:00\",\"breadcrumb\":{\"@id\":\"https:\/\/www.karimusto.de\/index.php\/kontakt\/#breadcrumb\"},\"inLanguage\":\"de\",\"potentialAction\":[{\"@type\":\"ReadAction\",\"target\":[\"https:\/\/www.karimusto.de\/index.php\/kontakt\/\"]}]},{\"@type\":\"BreadcrumbList\",\"@id\":\"https:\/\/www.karimusto.de\/index.php\/kontakt\/#breadcrumb\",\"itemListElement\":[{\"@type\":\"ListItem\",\"position\":1,\"name\":\"Startseite\",\"item\":\"https:\/\/www.karimusto.de\/\"},{\"@type\":\"ListItem\",\"position\":2,\"name\":\"Kontakt\"}]},{\"@type\":\"WebSite\",\"@id\":\"https:\/\/www.karimusto.de\/#website\",\"url\":\"https:\/\/www.karimusto.de\/\",\"name\":\"Karimusto - get in shape\",\"description\":\"Personal Training in K\u00f6ln \u2013 individuell, effektiv, nachhaltig.\",\"publisher\":{\"@id\":\"https:\/\/www.karimusto.de\/#organization\"},\"alternateName\":\"Karimusto\",\"potentialAction\":[{\"@type\":\"SearchAction\",\"target\":{\"@type\":\"EntryPoint\",\"urlTemplate\":\"https:\/\/www.karimusto.de\/?s={search_term_string}\"},\"query-input\":{\"@type\":\"PropertyValueSpecification\",\"valueRequired\":true,\"valueName\":\"search_term_string\"}}],\"inLanguage\":\"de\"},{\"@type\":\"Organization\",\"@id\":\"https:\/\/www.karimusto.de\/#organization\",\"name\":\"Karimusto \u2013 Personal Training Alexander Hirschmann-Habich\",\"alternateName\":\"Karimusto \u2013 Personal Training\",\"url\":\"https:\/\/www.karimusto.de\/\",\"logo\":{\"@type\":\"ImageObject\",\"inLanguage\":\"de\",\"@id\":\"https:\/\/www.karimusto.de\/#\/schema\/logo\/image\/\",\"url\":\"https:\/\/www.karimusto.de\/wp-content\/uploads\/2025\/11\/SVGLogo.svg\",\"contentUrl\":\"https:\/\/www.karimusto.de\/wp-content\/uploads\/2025\/11\/SVGLogo.svg\",\"caption\":\"Karimusto \u2013 Personal Training Alexander Hirschmann-Habich\"},\"image\":{\"@id\":\"https:\/\/www.karimusto.de\/#\/schema\/logo\/image\/\"},\"sameAs\":[\"https:\/\/www.facebook.com\/Karimustokoeln\/\",\"https:\/\/www.instagram.com\/karimusto\/\"]}]}<\/script>\n<!-- \/ Yoast SEO plugin. -->","yoast_head_json":{"title":"Kontakt - Karimusto - get in shape","robots":{"index":"index","follow":"follow","max-snippet":"max-snippet:-1","max-image-preview":"max-image-preview:large","max-video-preview":"max-video-preview:-1"},"canonical":"https:\/\/www.karimusto.de\/index.php\/kontakt\/","og_locale":"de_DE","og_type":"article","og_title":"Kontakt - Karimusto - get in shape","og_description":"Bereit f\u00fcr den n\u00e4chsten Schritt? Schreib mir \u2013 ich melde mich pers\u00f6nlich bei dir. Oder direkt per E-Mail: info@karimusto.de","og_url":"https:\/\/www.karimusto.de\/index.php\/kontakt\/","og_site_name":"Karimusto - get in shape","article_publisher":"https:\/\/www.facebook.com\/Karimustokoeln\/","article_modified_time":"2025-11-07T09:09:17+00:00","twitter_card":"summary_large_image","twitter_misc":{"Gesch\u00e4tzte Lesezeit":"1\u00a0Minute"},"schema":{"@context":"https:\/\/schema.org","@graph":[{"@type":"WebPage","@id":"https:\/\/www.karimusto.de\/index.php\/kontakt\/","url":"https:\/\/www.karimusto.de\/index.php\/kontakt\/","name":"Kontakt - Karimusto - get in shape","isPartOf":{"@id":"https:\/\/www.karimusto.de\/#website"},"datePublished":"2025-11-05T09:45:23+00:00","dateModified":"2025-11-07T09:09:17+00:00","breadcrumb":{"@id":"https:\/\/www.karimusto.de\/index.php\/kontakt\/#breadcrumb"},"inLanguage":"de","potentialAction":[{"@type":"ReadAction","target":["https:\/\/www.karimusto.de\/index.php\/kontakt\/"]}]},{"@type":"BreadcrumbList","@id":"https:\/\/www.karimusto.de\/index.php\/kontakt\/#breadcrumb","itemListElement":[{"@type":"ListItem","position":1,"name":"Startseite","item":"https:\/\/www.karimusto.de\/"},{"@type":"ListItem","position":2,"name":"Kontakt"}]},{"@type":"WebSite","@id":"https:\/\/www.karimusto.de\/#website","url":"https:\/\/www.karimusto.de\/","name":"Karimusto - get in shape","description":"Personal Training in K\u00f6ln \u2013 individuell, effektiv, nachhaltig.","publisher":{"@id":"https:\/\/www.karimusto.de\/#organization"},"alternateName":"Karimusto","potentialAction":[{"@type":"SearchAction","target":{"@type":"EntryPoint","urlTemplate":"https:\/\/www.karimusto.de\/?s={search_term_string}"},"query-input":{"@type":"PropertyValueSpecification","valueRequired":true,"valueName":"search_term_string"}}],"inLanguage":"de"},{"@type":"Organization","@id":"https:\/\/www.karimusto.de\/#organization","name":"Karimusto \u2013 Personal Training Alexander Hirschmann-Habich","alternateName":"Karimusto \u2013 Personal Training","url":"https:\/\/www.karimusto.de\/","logo":{"@type":"ImageObject","inLanguage":"de","@id":"https:\/\/www.karimusto.de\/#\/schema\/logo\/image\/","url":"https:\/\/www.karimusto.de\/wp-content\/uploads\/2025\/11\/SVGLogo.svg","contentUrl":"https:\/\/www.karimusto.de\/wp-content\/uploads\/2025\/11\/SVGLogo.svg","caption":"Karimusto \u2013 Personal Training Alexander Hirschmann-Habich"},"image":{"@id":"https:\/\/www.karimusto.de\/#\/schema\/logo\/image\/"},"sameAs":["https:\/\/www.facebook.com\/Karimustokoeln\/","https:\/\/www.instagram.com\/karimusto\/"]}]}},"_links":{"self":[{"href":"https:\/\/www.karimusto.de\/index.php\/wp-json\/wp\/v2\/pages\/33","targetHints":{"allow":["GET"]}}],"collection":[{"href":"https:\/\/www.karimusto.de\/index.php\/wp-json\/wp\/v2\/pages"}],"about":[{"href":"https:\/\/www.karimusto.de\/index.php\/wp-json\/wp\/v2\/types\/page"}],"author":[{"embeddable":true,"href":"https:\/\/www.karimusto.de\/index.php\/wp-json\/wp\/v2\/users\/1"}],"replies":[{"embeddable":true,"href":"https:\/\/www.karimusto.de\/index.php\/wp-json\/wp\/v2\/comments?post=33"}],"version-history":[{"count":15,"href":"https:\/\/www.karimusto.de\/index.php\/wp-json\/wp\/v2\/pages\/33\/revisions"}],"predecessor-version":[{"id":223,"href":"https:\/\/www.karimusto.de\/index.php\/wp-json\/wp\/v2\/pages\/33\/revisions\/223"}],"wp:attachment":[{"href":"https:\/\/www.karimusto.de\/index.php\/wp-json\/wp\/v2\/media?parent=33"}],"curies":[{"name":"wp","href":"https:\/\/api.w.org\/{rel}","templated":true}]}}