{"id":32,"date":"2025-11-05T10:45:23","date_gmt":"2025-11-05T09:45:23","guid":{"rendered":"https:\/\/karimusto.oblivion-software.de\/?page_id=3"},"modified":"2025-11-20T16:47:04","modified_gmt":"2025-11-20T15:47:04","slug":"ueber-mich","status":"publish","type":"page","link":"https:\/\/www.karimusto.de\/index.php\/ueber-mich\/","title":{"rendered":"\u00dcber mich"},"content":{"rendered":"<style>.kadence-column32_f2ebd5-7a > .kt-inside-inner-col,.kadence-column32_f2ebd5-7a > .kt-inside-inner-col:before{border-top-left-radius:0px;border-top-right-radius:0px;border-bottom-right-radius:0px;border-bottom-left-radius:0px;}.kadence-column32_f2ebd5-7a > .kt-inside-inner-col{column-gap:var(--global-kb-gap-sm, 1rem);}.kadence-column32_f2ebd5-7a > .kt-inside-inner-col{flex-direction:column;}.kadence-column32_f2ebd5-7a > .kt-inside-inner-col > .aligncenter{width:100%;}.kadence-column32_f2ebd5-7a > .kt-inside-inner-col:before{opacity:0.3;}.kadence-column32_f2ebd5-7a{position:relative;}@media all and (max-width: 1024px){.kadence-column32_f2ebd5-7a > .kt-inside-inner-col{flex-direction:column;justify-content:center;}}@media all and (max-width: 767px){.kadence-column32_f2ebd5-7a > .kt-inside-inner-col{flex-direction:column;justify-content:center;}}<\/style>\n<div class=\"wp-block-kadence-column kadence-column32_f2ebd5-7a\"><div class=\"kt-inside-inner-col\"><style>.kb-row-layout-id32_ff5ba9-d2 > .kt-row-column-wrap{align-content:start;}:where(.kb-row-layout-id32_ff5ba9-d2 > .kt-row-column-wrap) > .wp-block-kadence-column{justify-content:start;}.kb-row-layout-id32_ff5ba9-d2 > .kt-row-column-wrap{column-gap:var(--global-kb-gap-md, 2rem);row-gap:var(--global-kb-gap-md, 2rem);padding-top:var(--global-kb-spacing-sm, 1.5rem);padding-bottom:var(--global-kb-spacing-sm, 1.5rem);grid-template-columns:minmax(0, 2fr) minmax(0, 1fr);}.kb-row-layout-id32_ff5ba9-d2 > .kt-row-layout-overlay{opacity:0.10;background-image:url('https:\/\/www.karimusto.de\/wp-content\/uploads\/2025\/11\/karimusto-heartbeat-icon-echtes-Logo2.png');background-size:auto;background-position:center center;background-attachment:fixed;background-repeat:repeat-x;}@media all and (max-width: 1024px), only screen and (min-device-width: 1024px) and (max-device-width: 1366px) and (-webkit-min-device-pixel-ratio: 2) and (hover: none){.kb-row-layout-id32_ff5ba9-d2 > .kt-row-layout-overlay{background-attachment:scroll;}}@media all and (max-width: 1024px){.kb-row-layout-id32_ff5ba9-d2 > .kt-row-column-wrap{grid-template-columns:minmax(0, 2fr) minmax(0, 1fr);}}@media all and (max-width: 767px){.kb-row-layout-id32_ff5ba9-d2 > .kt-row-column-wrap{grid-template-columns:minmax(0, 1fr);}}<\/style><div class=\"kb-row-layout-wrap kb-row-layout-id32_ff5ba9-d2 alignnone kt-row-has-bg wp-block-kadence-rowlayout\"><div class=\"kt-row-layout-overlay kt-row-overlay-normal kt-jarallax\"><\/div><div class=\"kt-row-column-wrap kt-has-2-columns kt-row-layout-left-golden kt-tab-layout-inherit kt-mobile-layout-row kt-row-valign-top\">\n<style>.kadence-column32_7ff8b8-7d > .kt-inside-inner-col,.kadence-column32_7ff8b8-7d > .kt-inside-inner-col:before{border-top-left-radius:0px;border-top-right-radius:0px;border-bottom-right-radius:0px;border-bottom-left-radius:0px;}.kadence-column32_7ff8b8-7d > .kt-inside-inner-col{column-gap:var(--global-kb-gap-sm, 1rem);}.kadence-column32_7ff8b8-7d > .kt-inside-inner-col{flex-direction:column;}.kadence-column32_7ff8b8-7d > .kt-inside-inner-col > .aligncenter{width:100%;}.kadence-column32_7ff8b8-7d > .kt-inside-inner-col:before{opacity:0.3;}.kadence-column32_7ff8b8-7d{position:relative;}@media all and (max-width: 1024px){.kadence-column32_7ff8b8-7d > .kt-inside-inner-col{flex-direction:column;justify-content:center;}}@media all and (max-width: 767px){.kadence-column32_7ff8b8-7d > .kt-inside-inner-col{flex-direction:column;justify-content:center;}}<\/style>\n<div class=\"wp-block-kadence-column kadence-column32_7ff8b8-7d\"><div class=\"kt-inside-inner-col\">\n<h1 class=\"wp-block-heading\">\u00dcber mich<\/h1>\n\n\n\n<p>Ich bin <strong>Alexander Hirschmann-Habich<\/strong>, staatlich gepr\u00fcfter Sport- und Gymnastiklehrer, zertifizierter Fitnesstrainer und Ern\u00e4hrungsberater aus K\u00f6ln.<br>Sport, Bewegung und gesunde Ern\u00e4hrung sind seit vielen Jahren ein fester Bestandteil meines Lebens \u2013 und genau diese Begeisterung m\u00f6chte ich weitergeben.<br>Training ist f\u00fcr mich dann erfolgreich, wenn es zu deinem Leben passt: motivierend, klar strukturiert und mit sichtbaren Ergebnissen.<\/p>\n\n\n\n<hr class=\"wp-block-separator has-alpha-channel-opacity\"\/>\n\n\n\n<h2 class=\"wp-block-heading\"><strong>Meine Qualifikationen<\/strong><\/h2>\n\n\n\n<p>2019 habe ich meine <strong>Fitnesstrainer A-Lizenz<\/strong> am Bildungswerk f\u00fcr therapeutische Berufe in Remscheid erworben.<br>Im Jahr darauf schloss ich meine <strong>dreij\u00e4hrige Ausbildung zum Sport- und Gymnastiklehrer<\/strong> ab, gefolgt von der <strong>Zertifizierung als Ern\u00e4hrungsberater<\/strong> im Jahr 2021.<br>Erg\u00e4nzt wird meine Ausbildung durch das <strong>Functional-Trainer-Zertifikat<\/strong>, mit dem ich gezielt auf Leistungsf\u00e4higkeit, Beweglichkeit und Pr\u00e4vention eingehen kann.<\/p>\n\n\n\n<p>Mit dieser Kombination aus Wissen, Erfahrung und Leidenschaft begleite ich dich auf deinem Weg zu mehr Fitness, Gesundheit und Wohlbefinden.<\/p>\n\n\n\n<hr class=\"wp-block-separator has-alpha-channel-opacity\"\/>\n\n\n\n<h2 class=\"wp-block-heading\">Mein Ansatz<\/h2>\n\n\n\n<ul class=\"wp-block-list\">\n<li><strong>Individuell:<\/strong> Jeder Mensch ist anders \u2013 Dein Plan auch.<\/li>\n\n\n\n<li><strong>Nachhaltig:<\/strong> Kurzfristige Ziele sind gut, langfristige Ver\u00e4nderungen sind besser.<\/li>\n\n\n\n<li><strong>Ganzheitlich:<\/strong> Bewegung, Ern\u00e4hrung und mentale St\u00e4rke geh\u00f6ren zusammen.<\/li>\n<\/ul>\n\n\n\n<figure class=\"wp-block-image\"><img decoding=\"async\" src=\"https:\/\/karimusto.oblivion-software.de\/wp-content\/uploads\/hero-portrait.webp\" alt=\"Alexander Hirschmann-Habich\"\/><\/figure>\n\n\n\n<p><a href=\"https:\/\/karimusto.oblivion-software.de\/kontakt\/\">Kontakt aufnehmen<\/a><\/p>\n<\/div><\/div>\n\n\n<style>.kadence-column32_c4e1f3-b0 > .kt-inside-inner-col,.kadence-column32_c4e1f3-b0 > .kt-inside-inner-col:before{border-top-left-radius:0px;border-top-right-radius:0px;border-bottom-right-radius:0px;border-bottom-left-radius:0px;}.kadence-column32_c4e1f3-b0 > .kt-inside-inner-col{column-gap:var(--global-kb-gap-sm, 1rem);}.kadence-column32_c4e1f3-b0 > .kt-inside-inner-col{flex-direction:column;}.kadence-column32_c4e1f3-b0 > .kt-inside-inner-col > .aligncenter{width:100%;}.kadence-column32_c4e1f3-b0 > .kt-inside-inner-col:before{opacity:0.3;}.kadence-column32_c4e1f3-b0{position:relative;}@media all and (max-width: 1024px){.kadence-column32_c4e1f3-b0 > .kt-inside-inner-col{flex-direction:column;justify-content:center;}}@media all and (max-width: 767px){.kadence-column32_c4e1f3-b0 > .kt-inside-inner-col{flex-direction:column;justify-content:center;}}<\/style>\n<div class=\"wp-block-kadence-column kadence-column32_c4e1f3-b0\"><div class=\"kt-inside-inner-col\"><style>.kadence-column32_023da1-14 > .kt-inside-inner-col,.kadence-column32_023da1-14 > .kt-inside-inner-col:before{border-top-left-radius:0px;border-top-right-radius:0px;border-bottom-right-radius:0px;border-bottom-left-radius:0px;}.kadence-column32_023da1-14 > .kt-inside-inner-col{column-gap:var(--global-kb-gap-sm, 1rem);}.kadence-column32_023da1-14 > .kt-inside-inner-col{flex-direction:column;}.kadence-column32_023da1-14 > .kt-inside-inner-col > .aligncenter{width:100%;}.kadence-column32_023da1-14 > .kt-inside-inner-col:before{opacity:0.3;}.kadence-column32_023da1-14{position:relative;}@media all and (max-width: 1024px){.kadence-column32_023da1-14 > .kt-inside-inner-col{flex-direction:column;justify-content:center;}}@media all and (max-width: 767px){.kadence-column32_023da1-14 > .kt-inside-inner-col{flex-direction:column;justify-content:center;}}<\/style>\n<div class=\"wp-block-kadence-column kadence-column32_023da1-14\"><div class=\"kt-inside-inner-col\"><style>.kb-image32_da2c14-da .kb-image-has-overlay:after{opacity:0.3;}<\/style>\n<figure class=\"wp-block-kadence-image kb-image32_da2c14-da size-full\"><img loading=\"lazy\" decoding=\"async\" width=\"424\" height=\"500\" src=\"https:\/\/karimusto.oblivion-software.de\/wp-content\/uploads\/2025\/11\/alex-portrait-alt.webp\" alt=\"\" class=\"kb-img wp-image-71\" srcset=\"https:\/\/www.karimusto.de\/wp-content\/uploads\/2025\/11\/alex-portrait-alt.webp 424w, https:\/\/www.karimusto.de\/wp-content\/uploads\/2025\/11\/alex-portrait-alt-254x300.webp 254w\" sizes=\"auto, (max-width: 424px) 100vw, 424px\" \/><\/figure>\n<\/div><\/div>\n<\/div><\/div>\n\n<\/div><\/div><\/div><\/div>\n","protected":false},"excerpt":{"rendered":"<p>\u00dcber mich Ich bin Alexander Hirschmann-Habich, staatlich gepr\u00fcfter Sport- und Gymnastiklehrer, zertifizierter Fitnesstrainer und Ern\u00e4hrungsberater aus K\u00f6ln.Sport, Bewegung und gesunde Ern\u00e4hrung sind seit vielen Jahren ein fester Bestandteil meines Lebens \u2013 und genau diese Begeisterung m\u00f6chte ich weitergeben.Training ist f\u00fcr mich dann erfolgreich, wenn es zu deinem Leben passt: motivierend, klar strukturiert und mit sichtbaren&#8230;<\/p>\n","protected":false},"author":1,"featured_media":0,"parent":0,"menu_order":0,"comment_status":"closed","ping_status":"closed","template":"","meta":{"_kadence_starter_templates_imported_post":false,"_kad_post_transparent":"","_kad_post_title":"","_kad_post_layout":"","_kad_post_sidebar_id":"","_kad_post_content_style":"","_kad_post_vertical_padding":"","_kad_post_feature":"","_kad_post_feature_position":"","_kad_post_header":false,"_kad_post_footer":false,"footnotes":""},"class_list":["post-32","page","type-page","status-publish","hentry"],"yoast_head":"<!-- This site is optimized with the Yoast SEO plugin v26.4 - https:\/\/yoast.com\/wordpress\/plugins\/seo\/ -->\n<title>\u00dcber mich - Karimusto - get in shape<\/title>\n<meta name=\"robots\" content=\"index, follow, max-snippet:-1, max-image-preview:large, max-video-preview:-1\" \/>\n<link rel=\"canonical\" href=\"https:\/\/www.karimusto.de\/index.php\/ueber-mich\/\" \/>\n<meta property=\"og:locale\" content=\"de_DE\" \/>\n<meta property=\"og:type\" content=\"article\" \/>\n<meta property=\"og:title\" content=\"\u00dcber mich - Karimusto - get in shape\" \/>\n<meta property=\"og:description\" content=\"\u00dcber mich Ich bin Alexander Hirschmann-Habich, staatlich gepr\u00fcfter Sport- und Gymnastiklehrer, zertifizierter Fitnesstrainer und Ern\u00e4hrungsberater aus K\u00f6ln.Sport, Bewegung und gesunde Ern\u00e4hrung sind seit vielen Jahren ein fester Bestandteil meines Lebens \u2013 und genau diese Begeisterung m\u00f6chte ich weitergeben.Training ist f\u00fcr mich dann erfolgreich, wenn es zu deinem Leben passt: motivierend, klar strukturiert und mit sichtbaren...\" \/>\n<meta property=\"og:url\" content=\"https:\/\/www.karimusto.de\/index.php\/ueber-mich\/\" \/>\n<meta property=\"og:site_name\" content=\"Karimusto - get in shape\" \/>\n<meta property=\"article:publisher\" content=\"https:\/\/www.facebook.com\/Karimustokoeln\/\" \/>\n<meta property=\"article:modified_time\" content=\"2025-11-20T15:47:04+00:00\" \/>\n<meta property=\"og:image\" content=\"https:\/\/karimusto.oblivion-software.de\/wp-content\/uploads\/hero-portrait.webp\" \/>\n<meta name=\"twitter:card\" content=\"summary_large_image\" \/>\n<meta name=\"twitter:label1\" content=\"Gesch\u00e4tzte Lesezeit\" \/>\n\t<meta name=\"twitter:data1\" content=\"2\u00a0Minuten\" \/>\n<script type=\"application\/ld+json\" class=\"yoast-schema-graph\">{\"@context\":\"https:\/\/schema.org\",\"@graph\":[{\"@type\":\"WebPage\",\"@id\":\"https:\/\/www.karimusto.de\/index.php\/ueber-mich\/\",\"url\":\"https:\/\/www.karimusto.de\/index.php\/ueber-mich\/\",\"name\":\"\u00dcber mich - Karimusto - get in shape\",\"isPartOf\":{\"@id\":\"https:\/\/www.karimusto.de\/#website\"},\"primaryImageOfPage\":{\"@id\":\"https:\/\/www.karimusto.de\/index.php\/ueber-mich\/#primaryimage\"},\"image\":{\"@id\":\"https:\/\/www.karimusto.de\/index.php\/ueber-mich\/#primaryimage\"},\"thumbnailUrl\":\"https:\/\/karimusto.oblivion-software.de\/wp-content\/uploads\/hero-portrait.webp\",\"datePublished\":\"2025-11-05T09:45:23+00:00\",\"dateModified\":\"2025-11-20T15:47:04+00:00\",\"breadcrumb\":{\"@id\":\"https:\/\/www.karimusto.de\/index.php\/ueber-mich\/#breadcrumb\"},\"inLanguage\":\"de\",\"potentialAction\":[{\"@type\":\"ReadAction\",\"target\":[\"https:\/\/www.karimusto.de\/index.php\/ueber-mich\/\"]}]},{\"@type\":\"ImageObject\",\"inLanguage\":\"de\",\"@id\":\"https:\/\/www.karimusto.de\/index.php\/ueber-mich\/#primaryimage\",\"url\":\"https:\/\/karimusto.oblivion-software.de\/wp-content\/uploads\/hero-portrait.webp\",\"contentUrl\":\"https:\/\/karimusto.oblivion-software.de\/wp-content\/uploads\/hero-portrait.webp\"},{\"@type\":\"BreadcrumbList\",\"@id\":\"https:\/\/www.karimusto.de\/index.php\/ueber-mich\/#breadcrumb\",\"itemListElement\":[{\"@type\":\"ListItem\",\"position\":1,\"name\":\"Startseite\",\"item\":\"https:\/\/www.karimusto.de\/\"},{\"@type\":\"ListItem\",\"position\":2,\"name\":\"\u00dcber mich\"}]},{\"@type\":\"WebSite\",\"@id\":\"https:\/\/www.karimusto.de\/#website\",\"url\":\"https:\/\/www.karimusto.de\/\",\"name\":\"Karimusto - get in shape\",\"description\":\"Personal Training in K\u00f6ln \u2013 individuell, effektiv, nachhaltig.\",\"publisher\":{\"@id\":\"https:\/\/www.karimusto.de\/#organization\"},\"alternateName\":\"Karimusto\",\"potentialAction\":[{\"@type\":\"SearchAction\",\"target\":{\"@type\":\"EntryPoint\",\"urlTemplate\":\"https:\/\/www.karimusto.de\/?s={search_term_string}\"},\"query-input\":{\"@type\":\"PropertyValueSpecification\",\"valueRequired\":true,\"valueName\":\"search_term_string\"}}],\"inLanguage\":\"de\"},{\"@type\":\"Organization\",\"@id\":\"https:\/\/www.karimusto.de\/#organization\",\"name\":\"Karimusto \u2013 Personal Training Alexander Hirschmann-Habich\",\"alternateName\":\"Karimusto \u2013 Personal Training\",\"url\":\"https:\/\/www.karimusto.de\/\",\"logo\":{\"@type\":\"ImageObject\",\"inLanguage\":\"de\",\"@id\":\"https:\/\/www.karimusto.de\/#\/schema\/logo\/image\/\",\"url\":\"https:\/\/www.karimusto.de\/wp-content\/uploads\/2025\/11\/SVGLogo.svg\",\"contentUrl\":\"https:\/\/www.karimusto.de\/wp-content\/uploads\/2025\/11\/SVGLogo.svg\",\"caption\":\"Karimusto \u2013 Personal Training Alexander Hirschmann-Habich\"},\"image\":{\"@id\":\"https:\/\/www.karimusto.de\/#\/schema\/logo\/image\/\"},\"sameAs\":[\"https:\/\/www.facebook.com\/Karimustokoeln\/\",\"https:\/\/www.instagram.com\/karimusto\/\"]}]}<\/script>\n<!-- \/ Yoast SEO plugin. -->","yoast_head_json":{"title":"\u00dcber mich - Karimusto - get in shape","robots":{"index":"index","follow":"follow","max-snippet":"max-snippet:-1","max-image-preview":"max-image-preview:large","max-video-preview":"max-video-preview:-1"},"canonical":"https:\/\/www.karimusto.de\/index.php\/ueber-mich\/","og_locale":"de_DE","og_type":"article","og_title":"\u00dcber mich - Karimusto - get in shape","og_description":"\u00dcber mich Ich bin Alexander Hirschmann-Habich, staatlich gepr\u00fcfter Sport- und Gymnastiklehrer, zertifizierter Fitnesstrainer und Ern\u00e4hrungsberater aus K\u00f6ln.Sport, Bewegung und gesunde Ern\u00e4hrung sind seit vielen Jahren ein fester Bestandteil meines Lebens \u2013 und genau diese Begeisterung m\u00f6chte ich weitergeben.Training ist f\u00fcr mich dann erfolgreich, wenn es zu deinem Leben passt: motivierend, klar strukturiert und mit sichtbaren...","og_url":"https:\/\/www.karimusto.de\/index.php\/ueber-mich\/","og_site_name":"Karimusto - get in shape","article_publisher":"https:\/\/www.facebook.com\/Karimustokoeln\/","article_modified_time":"2025-11-20T15:47:04+00:00","og_image":[{"url":"https:\/\/karimusto.oblivion-software.de\/wp-content\/uploads\/hero-portrait.webp","type":"","width":"","height":""}],"twitter_card":"summary_large_image","twitter_misc":{"Gesch\u00e4tzte Lesezeit":"2\u00a0Minuten"},"schema":{"@context":"https:\/\/schema.org","@graph":[{"@type":"WebPage","@id":"https:\/\/www.karimusto.de\/index.php\/ueber-mich\/","url":"https:\/\/www.karimusto.de\/index.php\/ueber-mich\/","name":"\u00dcber mich - Karimusto - get in shape","isPartOf":{"@id":"https:\/\/www.karimusto.de\/#website"},"primaryImageOfPage":{"@id":"https:\/\/www.karimusto.de\/index.php\/ueber-mich\/#primaryimage"},"image":{"@id":"https:\/\/www.karimusto.de\/index.php\/ueber-mich\/#primaryimage"},"thumbnailUrl":"https:\/\/karimusto.oblivion-software.de\/wp-content\/uploads\/hero-portrait.webp","datePublished":"2025-11-05T09:45:23+00:00","dateModified":"2025-11-20T15:47:04+00:00","breadcrumb":{"@id":"https:\/\/www.karimusto.de\/index.php\/ueber-mich\/#breadcrumb"},"inLanguage":"de","potentialAction":[{"@type":"ReadAction","target":["https:\/\/www.karimusto.de\/index.php\/ueber-mich\/"]}]},{"@type":"ImageObject","inLanguage":"de","@id":"https:\/\/www.karimusto.de\/index.php\/ueber-mich\/#primaryimage","url":"https:\/\/karimusto.oblivion-software.de\/wp-content\/uploads\/hero-portrait.webp","contentUrl":"https:\/\/karimusto.oblivion-software.de\/wp-content\/uploads\/hero-portrait.webp"},{"@type":"BreadcrumbList","@id":"https:\/\/www.karimusto.de\/index.php\/ueber-mich\/#breadcrumb","itemListElement":[{"@type":"ListItem","position":1,"name":"Startseite","item":"https:\/\/www.karimusto.de\/"},{"@type":"ListItem","position":2,"name":"\u00dcber mich"}]},{"@type":"WebSite","@id":"https:\/\/www.karimusto.de\/#website","url":"https:\/\/www.karimusto.de\/","name":"Karimusto - get in shape","description":"Personal Training in K\u00f6ln \u2013 individuell, effektiv, nachhaltig.","publisher":{"@id":"https:\/\/www.karimusto.de\/#organization"},"alternateName":"Karimusto","potentialAction":[{"@type":"SearchAction","target":{"@type":"EntryPoint","urlTemplate":"https:\/\/www.karimusto.de\/?s={search_term_string}"},"query-input":{"@type":"PropertyValueSpecification","valueRequired":true,"valueName":"search_term_string"}}],"inLanguage":"de"},{"@type":"Organization","@id":"https:\/\/www.karimusto.de\/#organization","name":"Karimusto \u2013 Personal Training Alexander Hirschmann-Habich","alternateName":"Karimusto \u2013 Personal Training","url":"https:\/\/www.karimusto.de\/","logo":{"@type":"ImageObject","inLanguage":"de","@id":"https:\/\/www.karimusto.de\/#\/schema\/logo\/image\/","url":"https:\/\/www.karimusto.de\/wp-content\/uploads\/2025\/11\/SVGLogo.svg","contentUrl":"https:\/\/www.karimusto.de\/wp-content\/uploads\/2025\/11\/SVGLogo.svg","caption":"Karimusto \u2013 Personal Training Alexander Hirschmann-Habich"},"image":{"@id":"https:\/\/www.karimusto.de\/#\/schema\/logo\/image\/"},"sameAs":["https:\/\/www.facebook.com\/Karimustokoeln\/","https:\/\/www.instagram.com\/karimusto\/"]}]}},"_links":{"self":[{"href":"https:\/\/www.karimusto.de\/index.php\/wp-json\/wp\/v2\/pages\/32","targetHints":{"allow":["GET"]}}],"collection":[{"href":"https:\/\/www.karimusto.de\/index.php\/wp-json\/wp\/v2\/pages"}],"about":[{"href":"https:\/\/www.karimusto.de\/index.php\/wp-json\/wp\/v2\/types\/page"}],"author":[{"embeddable":true,"href":"https:\/\/www.karimusto.de\/index.php\/wp-json\/wp\/v2\/users\/1"}],"replies":[{"embeddable":true,"href":"https:\/\/www.karimusto.de\/index.php\/wp-json\/wp\/v2\/comments?post=32"}],"version-history":[{"count":7,"href":"https:\/\/www.karimusto.de\/index.php\/wp-json\/wp\/v2\/pages\/32\/revisions"}],"predecessor-version":[{"id":271,"href":"https:\/\/www.karimusto.de\/index.php\/wp-json\/wp\/v2\/pages\/32\/revisions\/271"}],"wp:attachment":[{"href":"https:\/\/www.karimusto.de\/index.php\/wp-json\/wp\/v2\/media?parent=32"}],"curies":[{"name":"wp","href":"https:\/\/api.w.org\/{rel}","templated":true}]}}